{"id":655,"date":"2023-11-08T10:47:43","date_gmt":"2023-11-08T09:47:43","guid":{"rendered":"https:\/\/reflexologieetcie.fr\/?page_id=655"},"modified":"2025-11-14T11:47:03","modified_gmt":"2025-11-14T10:47:03","slug":"fleurs-de-bach","status":"publish","type":"page","link":"https:\/\/reflexologieetcie.fr\/index.php\/fleurs-de-bach\/","title":{"rendered":"Fleurs de Bach"},"content":{"rendered":"\t\t<div data-elementor-type=\"wp-page\" data-elementor-id=\"655\" class=\"elementor elementor-655\">\n\t\t\t\t<div class=\"elementor-element elementor-element-6553d49a e-flex e-con-boxed e-con e-parent\" data-id=\"6553d49a\" data-element_type=\"container\" data-settings=\"{&quot;background_background&quot;:&quot;classic&quot;}\">\n\t\t\t\t\t<div class=\"e-con-inner\">\n\t\t\t\t<div class=\"elementor-element elementor-element-508292c8 elementor-widget elementor-widget-heading\" data-id=\"508292c8\" data-element_type=\"widget\" data-widget_type=\"heading.default\">\n\t\t\t\t<div class=\"elementor-widget-container\">\n\t\t\t\t\t<h2 class=\"elementor-heading-title elementor-size-default\">Fleurs de Bach<\/h2>\t\t\t\t<\/div>\n\t\t\t\t<\/div>\n\t\t\t\t\t<\/div>\n\t\t\t\t<\/div>\n\t\t<div class=\"elementor-element elementor-element-49f3941 e-flex e-con-boxed e-con e-parent\" data-id=\"49f3941\" data-element_type=\"container\">\n\t\t\t\t\t<div class=\"e-con-inner\">\n\t\t<div class=\"elementor-element elementor-element-5c599b9 e-con-full e-flex e-con e-child\" data-id=\"5c599b9\" data-element_type=\"container\">\n\t\t\t\t<div class=\"elementor-element elementor-element-987cbfe elementor-widget elementor-widget-image\" data-id=\"987cbfe\" data-element_type=\"widget\" data-widget_type=\"image.default\">\n\t\t\t\t<div class=\"elementor-widget-container\">\n\t\t\t\t\t\t\t\t\t\t\t\t\t\t\t<img fetchpriority=\"high\" decoding=\"async\" width=\"768\" height=\"1024\" src=\"https:\/\/reflexologieetcie.fr\/wp-content\/uploads\/2023\/11\/Fleurs-de-Bach-reflexologieetcie-2-768x1024.jpg\" class=\"attachment-large size-large wp-image-879\" alt=\"\" srcset=\"https:\/\/reflexologieetcie.fr\/wp-content\/uploads\/2023\/11\/Fleurs-de-Bach-reflexologieetcie-2-768x1024.jpg 768w, https:\/\/reflexologieetcie.fr\/wp-content\/uploads\/2023\/11\/Fleurs-de-Bach-reflexologieetcie-2-600x800.jpg 600w, https:\/\/reflexologieetcie.fr\/wp-content\/uploads\/2023\/11\/Fleurs-de-Bach-reflexologieetcie-2-225x300.jpg 225w, https:\/\/reflexologieetcie.fr\/wp-content\/uploads\/2023\/11\/Fleurs-de-Bach-reflexologieetcie-2-1152x1536.jpg 1152w, https:\/\/reflexologieetcie.fr\/wp-content\/uploads\/2023\/11\/Fleurs-de-Bach-reflexologieetcie-2.jpg 1280w\" sizes=\"(max-width: 768px) 100vw, 768px\" \/>\t\t\t\t\t\t\t\t\t\t\t\t\t\t\t<\/div>\n\t\t\t\t<\/div>\n\t\t\t\t<\/div>\n\t\t<div class=\"elementor-element elementor-element-17b77a0 e-con-full e-flex e-con e-child\" data-id=\"17b77a0\" data-element_type=\"container\">\n\t\t\t\t<div class=\"elementor-element elementor-element-1682ef1 elementor-widget elementor-widget-heading\" data-id=\"1682ef1\" data-element_type=\"widget\" data-widget_type=\"heading.default\">\n\t\t\t\t<div class=\"elementor-widget-container\">\n\t\t\t\t\t<h2 class=\"elementor-heading-title elementor-size-default\">Que sont les fleurs de Bach ?<\/h2>\t\t\t\t<\/div>\n\t\t\t\t<\/div>\n\t\t\t\t<div class=\"elementor-element elementor-element-12f0fe5 elementor-widget elementor-widget-text-editor\" data-id=\"12f0fe5\" data-element_type=\"widget\" data-widget_type=\"text-editor.default\">\n\t\t\t\t<div class=\"elementor-widget-container\">\n\t\t\t\t\t\t\t\t\t<p><b>Apprivoisez vos \u00e9motions et utilisez votre potentiel avec les fleurs de Bach<\/b><\/p><p><span style=\"font-weight: 400;\">Les fleurs de Bach sont des rem\u00e8des naturels pr\u00e9par\u00e9s \u00e0 partir de fleurs sauvages. Ce sont des plantes non toxiques, non alimentaires et non cultiv\u00e9es. Elles ne pr\u00e9sentent aucun risque d&rsquo;accoutumance ou effets secondaires. Elles peuvent \u00eatre employ\u00e9es par tous, y compris les femmes enceintes et les b\u00e9b\u00e9s, et sont compl\u00e9mentaires \u00e0 toute autre forme de m\u00e9decine, classique ou \u201cdouce\u201d.<\/span><\/p><p><span style=\"font-weight: 400;\">Les fleurs de Bach repr\u00e9sentent une mani\u00e8re douce de restaurer l&rsquo;harmonie \u00e9motionnelle. Il existe 38 fleurs de Bach diff\u00e9rentes et chacune correspond \u00e0 une \u00e9motion ou \u00e0 un \u00e9tat d&rsquo;esprit bien pr\u00e9cis.<\/span><\/p>\t\t\t\t\t\t\t\t<\/div>\n\t\t\t\t<\/div>\n\t\t\t\t<\/div>\n\t\t\t\t\t<\/div>\n\t\t\t\t<\/div>\n\t\t<div class=\"elementor-element elementor-element-abdf9d1 e-flex e-con-boxed e-con e-parent\" data-id=\"abdf9d1\" data-element_type=\"container\" data-settings=\"{&quot;background_background&quot;:&quot;classic&quot;}\">\n\t\t\t\t\t<div class=\"e-con-inner\">\n\t\t<div class=\"elementor-element elementor-element-d597797 e-con-full e-flex e-con e-child\" data-id=\"d597797\" data-element_type=\"container\">\n\t\t\t\t<div class=\"elementor-element elementor-element-d67c354 elementor-widget elementor-widget-image\" data-id=\"d67c354\" data-element_type=\"widget\" data-widget_type=\"image.default\">\n\t\t\t\t<div class=\"elementor-widget-container\">\n\t\t\t\t\t\t\t\t\t\t\t\t\t\t\t<img decoding=\"async\" width=\"683\" height=\"1024\" src=\"https:\/\/reflexologieetcie.fr\/wp-content\/uploads\/2023\/11\/Fleurs-de-Bach-reflexologieetcie-1-683x1024.jpg\" class=\"attachment-large size-large wp-image-878\" alt=\"\" srcset=\"https:\/\/reflexologieetcie.fr\/wp-content\/uploads\/2023\/11\/Fleurs-de-Bach-reflexologieetcie-1-683x1024.jpg 683w, https:\/\/reflexologieetcie.fr\/wp-content\/uploads\/2023\/11\/Fleurs-de-Bach-reflexologieetcie-1-600x900.jpg 600w, https:\/\/reflexologieetcie.fr\/wp-content\/uploads\/2023\/11\/Fleurs-de-Bach-reflexologieetcie-1-200x300.jpg 200w, https:\/\/reflexologieetcie.fr\/wp-content\/uploads\/2023\/11\/Fleurs-de-Bach-reflexologieetcie-1-768x1152.jpg 768w, https:\/\/reflexologieetcie.fr\/wp-content\/uploads\/2023\/11\/Fleurs-de-Bach-reflexologieetcie-1-1024x1536.jpg 1024w, https:\/\/reflexologieetcie.fr\/wp-content\/uploads\/2023\/11\/Fleurs-de-Bach-reflexologieetcie-1.jpg 1280w\" sizes=\"(max-width: 683px) 100vw, 683px\" \/>\t\t\t\t\t\t\t\t\t\t\t\t\t\t\t<\/div>\n\t\t\t\t<\/div>\n\t\t\t\t<\/div>\n\t\t<div class=\"elementor-element elementor-element-1e5b94c e-con-full e-flex e-con e-child\" data-id=\"1e5b94c\" data-element_type=\"container\">\n\t\t\t\t<div class=\"elementor-element elementor-element-b279f95 elementor-widget elementor-widget-heading\" data-id=\"b279f95\" data-element_type=\"widget\" data-widget_type=\"heading.default\">\n\t\t\t\t<div class=\"elementor-widget-container\">\n\t\t\t\t\t<h2 class=\"elementor-heading-title elementor-size-default\">Comment se d\u00e9roule une s\u00e9ance ?<\/h2>\t\t\t\t<\/div>\n\t\t\t\t<\/div>\n\t\t\t\t<div class=\"elementor-element elementor-element-bcd1269 elementor-widget elementor-widget-text-editor\" data-id=\"bcd1269\" data-element_type=\"widget\" data-widget_type=\"text-editor.default\">\n\t\t\t\t<div class=\"elementor-widget-container\">\n\t\t\t\t\t\t\t\t\t<p>Lors d&rsquo;une s\u00e9ance,\u00a0nous \u00e9changeons sur ce qui vous trouble et vous cause de petits ou grands probl\u00e8mes. Vous n&rsquo;\u00eates pas responsable de tout ce qui vous arrive, mais vous verrez que vous avez malgr\u00e9 tout un r\u00f4le \u00e0 jouer dans la fa\u00e7on de vivre chaque \u00e9v\u00e8nement. Mon r\u00f4le, c&rsquo;est de vous \u00e9couter et d&rsquo;\u00e9changer avec vous pour vous aider \u00e0 clarifier et mettre des mots sur vos \u00e9motions.<\/p><p>\u00c0 la fin de la s\u00e9ance,<strong>\u00a0<\/strong>j&rsquo;aurai quelques indices sur le profil floral qui vous correspond : je pourrai vous conseiller un ou plusieurs \u00e9lixirs floraux et si vous le souhaitez,\u00a0je vous pr\u00e9pare votre flacon personnalis\u00e9\u00a0!<strong>\u00a0<\/strong>Au plaisir de vous conseiller pour votre bien-\u00eatre \u00e9motionnel !<\/p><p><b>S\u00e9ance (30 minutes) + flacon personnalis\u00e9 \u00ab\u00a0fleurs de Bach\u00a0\u00bb = 25 euros.<\/b><\/p>\t\t\t\t\t\t\t\t<\/div>\n\t\t\t\t<\/div>\n\t\t\t\t<\/div>\n\t\t<div class=\"elementor-element elementor-element-d65f6a3 e-con-full e-flex e-con e-child\" data-id=\"d65f6a3\" data-element_type=\"container\">\n\t\t\t\t<div class=\"elementor-element elementor-element-1ad6aeb elementor-widget elementor-widget-image\" data-id=\"1ad6aeb\" data-element_type=\"widget\" data-widget_type=\"image.default\">\n\t\t\t\t<div class=\"elementor-widget-container\">\n\t\t\t\t\t\t\t\t\t\t\t\t\t\t\t<img decoding=\"async\" width=\"683\" height=\"1024\" src=\"https:\/\/reflexologieetcie.fr\/wp-content\/uploads\/2023\/11\/Fleurs-de-Bach-reflexologieetcie-3-683x1024.jpg\" class=\"attachment-large size-large wp-image-897\" alt=\"\" srcset=\"https:\/\/reflexologieetcie.fr\/wp-content\/uploads\/2023\/11\/Fleurs-de-Bach-reflexologieetcie-3-683x1024.jpg 683w, https:\/\/reflexologieetcie.fr\/wp-content\/uploads\/2023\/11\/Fleurs-de-Bach-reflexologieetcie-3-600x900.jpg 600w, https:\/\/reflexologieetcie.fr\/wp-content\/uploads\/2023\/11\/Fleurs-de-Bach-reflexologieetcie-3-200x300.jpg 200w, https:\/\/reflexologieetcie.fr\/wp-content\/uploads\/2023\/11\/Fleurs-de-Bach-reflexologieetcie-3-768x1152.jpg 768w, https:\/\/reflexologieetcie.fr\/wp-content\/uploads\/2023\/11\/Fleurs-de-Bach-reflexologieetcie-3-1024x1536.jpg 1024w, https:\/\/reflexologieetcie.fr\/wp-content\/uploads\/2023\/11\/Fleurs-de-Bach-reflexologieetcie-3.jpg 1280w\" sizes=\"(max-width: 683px) 100vw, 683px\" \/>\t\t\t\t\t\t\t\t\t\t\t\t\t\t\t<\/div>\n\t\t\t\t<\/div>\n\t\t\t\t<\/div>\n\t\t\t\t\t<\/div>\n\t\t\t\t<\/div>\n\t\t\t\t<\/div>\n\t\t","protected":false},"excerpt":{"rendered":"<p>Fleurs de Bach Que sont les fleurs de Bach ? Apprivoisez vos \u00e9motions et utilisez votre potentiel avec les fleurs de Bach Les fleurs de Bach sont des rem\u00e8des naturels pr\u00e9par\u00e9s \u00e0 partir de fleurs sauvages. Ce sont des plantes non toxiques, non alimentaires et non cultiv\u00e9es. Elles ne pr\u00e9sentent aucun risque d&rsquo;accoutumance ou effets [&hellip;]<\/p>\n","protected":false},"author":1,"featured_media":0,"parent":0,"menu_order":0,"comment_status":"closed","ping_status":"closed","template":"","meta":{"footnotes":""},"class_list":["post-655","page","type-page","status-publish","hentry","entry","owp-thumbs-layout-horizontal","owp-btn-big","owp-tabs-layout-horizontal","has-no-thumbnails","has-product-nav"],"yoast_head":"<!-- This site is optimized with the Yoast SEO plugin v25.9 - https:\/\/yoast.com\/wordpress\/plugins\/seo\/ -->\n<title>Fleurs de Bach - R\u00e9flexologieetcie<\/title>\n<meta name=\"robots\" content=\"index, follow, max-snippet:-1, max-image-preview:large, max-video-preview:-1\" \/>\n<link rel=\"canonical\" href=\"https:\/\/reflexologieetcie.fr\/index.php\/fleurs-de-bach\/\" \/>\n<meta property=\"og:locale\" content=\"fr_FR\" \/>\n<meta property=\"og:type\" content=\"article\" \/>\n<meta property=\"og:title\" content=\"Fleurs de Bach - R\u00e9flexologieetcie\" \/>\n<meta property=\"og:description\" content=\"Fleurs de Bach Que sont les fleurs de Bach ? Apprivoisez vos \u00e9motions et utilisez votre potentiel avec les fleurs de Bach Les fleurs de Bach sont des rem\u00e8des naturels pr\u00e9par\u00e9s \u00e0 partir de fleurs sauvages. Ce sont des plantes non toxiques, non alimentaires et non cultiv\u00e9es. Elles ne pr\u00e9sentent aucun risque d&rsquo;accoutumance ou effets [&hellip;]\" \/>\n<meta property=\"og:url\" content=\"https:\/\/reflexologieetcie.fr\/index.php\/fleurs-de-bach\/\" \/>\n<meta property=\"og:site_name\" content=\"R\u00e9flexologieetcie\" \/>\n<meta property=\"article:modified_time\" content=\"2025-11-14T10:47:03+00:00\" \/>\n<meta property=\"og:image\" content=\"https:\/\/reflexologieetcie.fr\/wp-content\/uploads\/2023\/11\/Fleurs-de-Bach-reflexologieetcie-2.jpg\" \/>\n\t<meta property=\"og:image:width\" content=\"1280\" \/>\n\t<meta property=\"og:image:height\" content=\"1706\" \/>\n\t<meta property=\"og:image:type\" content=\"image\/jpeg\" \/>\n<meta name=\"twitter:card\" content=\"summary_large_image\" \/>\n<meta name=\"twitter:label1\" content=\"Dur\u00e9e de lecture estim\u00e9e\" \/>\n\t<meta name=\"twitter:data1\" content=\"2 minutes\" \/>\n<script type=\"application\/ld+json\" class=\"yoast-schema-graph\">{\"@context\":\"https:\/\/schema.org\",\"@graph\":[{\"@type\":\"WebPage\",\"@id\":\"https:\/\/reflexologieetcie.fr\/index.php\/fleurs-de-bach\/\",\"url\":\"https:\/\/reflexologieetcie.fr\/index.php\/fleurs-de-bach\/\",\"name\":\"Fleurs de Bach - R\u00e9flexologieetcie\",\"isPartOf\":{\"@id\":\"https:\/\/reflexologieetcie.fr\/#website\"},\"primaryImageOfPage\":{\"@id\":\"https:\/\/reflexologieetcie.fr\/index.php\/fleurs-de-bach\/#primaryimage\"},\"image\":{\"@id\":\"https:\/\/reflexologieetcie.fr\/index.php\/fleurs-de-bach\/#primaryimage\"},\"thumbnailUrl\":\"https:\/\/reflexologieetcie.fr\/wp-content\/uploads\/2023\/11\/Fleurs-de-Bach-reflexologieetcie-2-768x1024.jpg\",\"datePublished\":\"2023-11-08T09:47:43+00:00\",\"dateModified\":\"2025-11-14T10:47:03+00:00\",\"breadcrumb\":{\"@id\":\"https:\/\/reflexologieetcie.fr\/index.php\/fleurs-de-bach\/#breadcrumb\"},\"inLanguage\":\"fr-FR\",\"potentialAction\":[{\"@type\":\"ReadAction\",\"target\":[\"https:\/\/reflexologieetcie.fr\/index.php\/fleurs-de-bach\/\"]}]},{\"@type\":\"ImageObject\",\"inLanguage\":\"fr-FR\",\"@id\":\"https:\/\/reflexologieetcie.fr\/index.php\/fleurs-de-bach\/#primaryimage\",\"url\":\"https:\/\/reflexologieetcie.fr\/wp-content\/uploads\/2023\/11\/Fleurs-de-Bach-reflexologieetcie-2.jpg\",\"contentUrl\":\"https:\/\/reflexologieetcie.fr\/wp-content\/uploads\/2023\/11\/Fleurs-de-Bach-reflexologieetcie-2.jpg\",\"width\":1280,\"height\":1706},{\"@type\":\"BreadcrumbList\",\"@id\":\"https:\/\/reflexologieetcie.fr\/index.php\/fleurs-de-bach\/#breadcrumb\",\"itemListElement\":[{\"@type\":\"ListItem\",\"position\":1,\"name\":\"Accueil\",\"item\":\"https:\/\/reflexologieetcie.fr\/\"},{\"@type\":\"ListItem\",\"position\":2,\"name\":\"Fleurs de Bach\"}]},{\"@type\":\"WebSite\",\"@id\":\"https:\/\/reflexologieetcie.fr\/#website\",\"url\":\"https:\/\/reflexologieetcie.fr\/\",\"name\":\"R\u00e9flexologieetcie\",\"description\":\"Un site utilisant WordPress\",\"potentialAction\":[{\"@type\":\"SearchAction\",\"target\":{\"@type\":\"EntryPoint\",\"urlTemplate\":\"https:\/\/reflexologieetcie.fr\/?s={search_term_string}\"},\"query-input\":{\"@type\":\"PropertyValueSpecification\",\"valueRequired\":true,\"valueName\":\"search_term_string\"}}],\"inLanguage\":\"fr-FR\"}]}<\/script>\n<!-- \/ Yoast SEO plugin. -->","yoast_head_json":{"title":"Fleurs de Bach - R\u00e9flexologieetcie","robots":{"index":"index","follow":"follow","max-snippet":"max-snippet:-1","max-image-preview":"max-image-preview:large","max-video-preview":"max-video-preview:-1"},"canonical":"https:\/\/reflexologieetcie.fr\/index.php\/fleurs-de-bach\/","og_locale":"fr_FR","og_type":"article","og_title":"Fleurs de Bach - R\u00e9flexologieetcie","og_description":"Fleurs de Bach Que sont les fleurs de Bach ? Apprivoisez vos \u00e9motions et utilisez votre potentiel avec les fleurs de Bach Les fleurs de Bach sont des rem\u00e8des naturels pr\u00e9par\u00e9s \u00e0 partir de fleurs sauvages. Ce sont des plantes non toxiques, non alimentaires et non cultiv\u00e9es. Elles ne pr\u00e9sentent aucun risque d&rsquo;accoutumance ou effets [&hellip;]","og_url":"https:\/\/reflexologieetcie.fr\/index.php\/fleurs-de-bach\/","og_site_name":"R\u00e9flexologieetcie","article_modified_time":"2025-11-14T10:47:03+00:00","og_image":[{"width":1280,"height":1706,"url":"https:\/\/reflexologieetcie.fr\/wp-content\/uploads\/2023\/11\/Fleurs-de-Bach-reflexologieetcie-2.jpg","type":"image\/jpeg"}],"twitter_card":"summary_large_image","twitter_misc":{"Dur\u00e9e de lecture estim\u00e9e":"2 minutes"},"schema":{"@context":"https:\/\/schema.org","@graph":[{"@type":"WebPage","@id":"https:\/\/reflexologieetcie.fr\/index.php\/fleurs-de-bach\/","url":"https:\/\/reflexologieetcie.fr\/index.php\/fleurs-de-bach\/","name":"Fleurs de Bach - R\u00e9flexologieetcie","isPartOf":{"@id":"https:\/\/reflexologieetcie.fr\/#website"},"primaryImageOfPage":{"@id":"https:\/\/reflexologieetcie.fr\/index.php\/fleurs-de-bach\/#primaryimage"},"image":{"@id":"https:\/\/reflexologieetcie.fr\/index.php\/fleurs-de-bach\/#primaryimage"},"thumbnailUrl":"https:\/\/reflexologieetcie.fr\/wp-content\/uploads\/2023\/11\/Fleurs-de-Bach-reflexologieetcie-2-768x1024.jpg","datePublished":"2023-11-08T09:47:43+00:00","dateModified":"2025-11-14T10:47:03+00:00","breadcrumb":{"@id":"https:\/\/reflexologieetcie.fr\/index.php\/fleurs-de-bach\/#breadcrumb"},"inLanguage":"fr-FR","potentialAction":[{"@type":"ReadAction","target":["https:\/\/reflexologieetcie.fr\/index.php\/fleurs-de-bach\/"]}]},{"@type":"ImageObject","inLanguage":"fr-FR","@id":"https:\/\/reflexologieetcie.fr\/index.php\/fleurs-de-bach\/#primaryimage","url":"https:\/\/reflexologieetcie.fr\/wp-content\/uploads\/2023\/11\/Fleurs-de-Bach-reflexologieetcie-2.jpg","contentUrl":"https:\/\/reflexologieetcie.fr\/wp-content\/uploads\/2023\/11\/Fleurs-de-Bach-reflexologieetcie-2.jpg","width":1280,"height":1706},{"@type":"BreadcrumbList","@id":"https:\/\/reflexologieetcie.fr\/index.php\/fleurs-de-bach\/#breadcrumb","itemListElement":[{"@type":"ListItem","position":1,"name":"Accueil","item":"https:\/\/reflexologieetcie.fr\/"},{"@type":"ListItem","position":2,"name":"Fleurs de Bach"}]},{"@type":"WebSite","@id":"https:\/\/reflexologieetcie.fr\/#website","url":"https:\/\/reflexologieetcie.fr\/","name":"R\u00e9flexologieetcie","description":"Un site utilisant WordPress","potentialAction":[{"@type":"SearchAction","target":{"@type":"EntryPoint","urlTemplate":"https:\/\/reflexologieetcie.fr\/?s={search_term_string}"},"query-input":{"@type":"PropertyValueSpecification","valueRequired":true,"valueName":"search_term_string"}}],"inLanguage":"fr-FR"}]}},"_links":{"self":[{"href":"https:\/\/reflexologieetcie.fr\/index.php\/wp-json\/wp\/v2\/pages\/655","targetHints":{"allow":["GET"]}}],"collection":[{"href":"https:\/\/reflexologieetcie.fr\/index.php\/wp-json\/wp\/v2\/pages"}],"about":[{"href":"https:\/\/reflexologieetcie.fr\/index.php\/wp-json\/wp\/v2\/types\/page"}],"author":[{"embeddable":true,"href":"https:\/\/reflexologieetcie.fr\/index.php\/wp-json\/wp\/v2\/users\/1"}],"replies":[{"embeddable":true,"href":"https:\/\/reflexologieetcie.fr\/index.php\/wp-json\/wp\/v2\/comments?post=655"}],"version-history":[{"count":94,"href":"https:\/\/reflexologieetcie.fr\/index.php\/wp-json\/wp\/v2\/pages\/655\/revisions"}],"predecessor-version":[{"id":2914,"href":"https:\/\/reflexologieetcie.fr\/index.php\/wp-json\/wp\/v2\/pages\/655\/revisions\/2914"}],"wp:attachment":[{"href":"https:\/\/reflexologieetcie.fr\/index.php\/wp-json\/wp\/v2\/media?parent=655"}],"curies":[{"name":"wp","href":"https:\/\/api.w.org\/{rel}","templated":true}]}}